ose 79 = -4*h + 3*h. Let s = h + d. Is s composite?
False
Let b = 1020 - 585. Suppose w - 130 = -0*w - 2*v, 3*w - 3*v - b = 0. Let y = -75 + w. Is y prime?
False
Suppose -6*l + l - 85 = 0. Let s = -10 - l. Is s composite?
False
Let t = -23 + 32. Suppose t = -f + 3. Is 8/10*(-165)/f prime?
False
Suppose 992 = 5*i - 993. Is i a composite number?
False
Is (1935/20 - 4 - -2)*4 composite?
False
Let d(q) = -q**3 + 2*q**2 + 3*q - 3. Let t be d(3). Let c be t/((9/8)/3). Is -9*(c/(-6))/(-2) a composite number?
True
Let a = 33 + 44. Is a prime?
False
Let q(w) = w**2 + 3*w - 1. Let m be q(-4). Suppose 0 = 4*u - 3*u - 2*t - 13, m*t = -3. Is u composite?
False
Suppose -2 = 3*z - 2*p - 23, 1 = 2*z + 3*p. Suppose z*f - 1 = -5*y - 21, -5*f = -5*y + 20. Suppose v = 3*s - 104, -s - 3*s - 3*v + 143 = y. Is s composite?
True
Let k be 5/(-2*2/(-4)). Suppose 752 = -k*n + n. Let d = -91 - n. Is d a composite number?
False
Suppose h = 3*h - 18. Let z be 1193/3 + 3/h. Suppose 0 = b - p + 3*p - 121, -3*b + p + z = 0. Is b a prime number?
True
Suppose 2*w = -3*w + 3355. Is w composite?
True
Is (-1)/(5/(35/(-2)))*214 a composite number?
True
Let v(g) = g**2 - g. Let c be v(2). Suppose 2*r - 4 - 17 = -3*h, -13 = -r - c*h. Suppose -760 = -5*m - 5*f, -2*f + r*f - 3 = 0. Is m composite?
False
Let x(c) = -6*c**3 + 3*c**2 + 4*c - 3. Let b be ((-4)/(-3))/(6/(-18)). Is x(b) prime?
False
Let n(u) be the third derivative of -u**5/60 - u**4/8 + 2*u**3/3 - u**2. Let r be n(-4). Suppose -2*l - w + 26 = w, r = -5*w. Is l a prime number?
True
Let k(y) = 14*y**2 + y - 1. Suppose 4*x - 2 = 5*x. Is k(x) a composite number?
False
Let n(v) = v**3 + 6*v**2 - 9*v - 10. Let c be n(-7). Let a(b) = -b + 2. Let z be a(2). Suppose s - 3*s - c*i + 182 = z, 5*s - 4*i = 455. Is s composite?
True
Let g = 24 - 11. Let r = g + 8. Suppose -5*v + 419 = 2*c, -4*c - 428 = -5*v - r. Is v composite?
False
Let u = 2576 - 1099. Is u a prime number?
False
Let p = 184 - -27. Is p a composite number?
False
Suppose 31 = 5*h + 6. Suppose -74 = -h*a + 1. Suppose a = 2*z - 151. Is z composite?
False
Let l = 23 - 16. Let t(r) be the second derivative of -r**5/20 + 5*r**4/6 - r**3/3 - r**2 + r. Is t(l) a composite number?
False
Let l be (-3)/(-1 - 2) + -1. Suppose -2*i = 5*o - 48, l = -0*i - 2*i - o + 40. Is i a prime number?
True
Let g(r) = 4 - 2 + 1 - 19*r - 6*r. Is g(-4) a prime number?
True
Let d(x) = -x - 3. Let s be d(6). Suppose 3*n = 4*v + 6, 15 = -3*v - 3*n - 0*n. Let r = v - s. Is r prime?
False
Let t be 1/3 + 985/15. Let m = -33 + t. Is m prime?
False
Let u(c) = 12*c**3 + 3*c**2 + 5*c - 2. Let k be u(3). Suppose -3*b + k = b. Is b a composite number?
True
Is (-6)/(-14) + 12288/42 prime?
True
Let l be ((-1)/2)/((-2)/8). Let u be 15/(-10) + (-13)/(-2). Suppose u*j + 2*w - 111 = 674, l*j - 314 = 2*w. Is j a composite number?
False
Suppose -4*o - 113 = 3*d, 2*o - 5*d + 150 = -3*o. Let f = o - -210. Let g = f + -32. Is g a composite number?
False
Suppose 5*d = -0*d - 25, 0 = -4*v - 3*d + 2749. Is v a composite number?
False
Let c = 970 + -90. Is c/3 + 1/(-3) a composite number?
False
Let w(j) = -1703*j + 1. Is w(-2) a composite number?
False
Let b(j) = 72*j - 19. Is b(10) a prime number?
True
Let h be (-864)/14 - (-10)/(-35). Let n = 141 + h. Is n prime?
True
Let i(j) = j**3 - 4*j**2 + 5*j - 2. Let y be i(3). Suppose 2*d - 388 = -2*d + y*u, -3*u = -4*d + 386. Suppose 3*a - 10 = d. Is a prime?
False
Is ((-6)/3)/(0 + 6/(-1065)) prime?
False
Let q be (-2)/8 + (-6681)/(-4). Let u = q - 2904. Is u/(-10) - (-2)/(-5) a composite number?
True
Let t(q) = q**3 + 12*q**2 + 4*q + 3. Is t(-10) prime?
True
Suppose 0 = -l + 6*l. Suppose l = 5*c - c - 204. Suppose c = 4*n - 97. Is n a composite number?
False
Is 2/(-3) + 4 + 108760/24 a prime number?
False
Let h(c) = c**2 - 4*c + 2. Let f be h(3). Let d(n) = n**3 + 7*n**2 + 5*n - 5. Let l be d(-6). Is 38/(f/(l/(-2))) a composite number?
False
Let f(l) = l**3 + 3*l**2 - 4*l + 1. Let g be f(-4). Suppose g = -2*w + 7. Suppose 0 = -4*x + i + 44, -3*x + 35 + 7 = -w*i. Is x a composite number?
True
Suppose 2*u - 2 = 0, 5*d + 57 + 15 = 2*u. Is 4/d + 746/14 prime?
True
Suppose -2*d + 230 = -4*f, 4*d - 2*f - 437 - 5 = 0. Is d composite?
False
Suppose -c = -5*c + 20. Suppose 3*k + 0*j - 579 = -2*j, -c*j = 5*k - 970. Is k a prime number?
True
Suppose 4*r - 9 = r. Let i = 6 - r. Is (7/i)/((-2)/(-6)) prime?
True
Let f = -174 - -385. Is f composite?
False
Let q = 14489 + -10338. Is q composite?
True
Let t(p) = -4*p + 1. Let k be t(-2). Let j = k - -40. Is j a prime number?
False
Suppose 0 = -4*d + 6*d - 158. Let r = 188 - d. Is r a composite number?
False
Suppose -2*q + 42 = -4*w, 0*q = -5*q - 4*w + 161. Suppose 0*x = 3*x + 45. Let f = q + x. Is f a prime number?
False
Suppose -4*h = -3*x - 2728, -2*h - 3*h + x + 3421 = 0. Is h composite?
True
Let c = 333 + 8. Is c a prime number?
False
Let m be -27*(-5)/1 + 0. Is m - 6 - 1*2 a composite number?
False
Let z = -497 + 826. Is z a prime number?
False
Let w(m) = m**2 + m + 1. Let d be w(-2). Suppose d*i - 79 = 2*i. Is i a prime number?
True
Let h = -31 + 49. Suppose -104 = -2*k - y, -k + 75 = 3*y + h. Is k composite?
True
Let q be (-36)/(-10) + (-18)/30. Suppose -q*z = -41 - 16. Is z composite?
False
Let y be (1 - 6/4)*-12. Suppose m + m = y. Suppose -j = 4*x - m*x - 127, -3*j - 405 = -3*x. Is x composite?
False
Suppose -c + 5*n + 248 = 0, 2*c - 248 = c + 4*n. Suppose 0 = -2*d + 4*s + 118, 3*d + d = 5*s + c. Is d prime?
True
Let f(u) = -22*u**3 - 1. Let r be f(-1). Let i = -13 + r. Let h(j) = j**2 - 7*j + 11. Is h(i) a composite number?
False
Suppose -t = -4*t + 18. Suppose 4*n - 30 + t = 0. Is n prime?
False
Let r(n) = 2*n**3 - 5*n**2 - 5*n + 4. Let p be r(6). Suppose p = x + x. Is x prime?
True
Suppose -8*j = -17*j + 9621. Is j a composite number?
False
Suppose 4*l - 8 - 4 = 0. Suppose -17 = -2*v + v + l*r, -r = -v + 21. Is v prime?
True
Let t = -5 + 10. Suppose 0 = t*k - 679 - 271. Let c = k + -135. Is c prime?
False
Is (1470/(-4) - 2)/(4/(-8)) prime?
True
Suppose 5*p + 20 = 0, 0*o + 4*p = -2*o - 142. Let b = o + 320. Is b a prime number?
True
Let b be 5/2 - (-1)/(-2). Suppose b*s + 3 = -s. Is ((-7)/s)/(1/5) a prime number?
False
Suppose 6*a + 905 = a. Let y = a + 344. Is y composite?
False
Suppose 0 = u - 5*w - 60, -w + 95 = 3*u + w. Let a be (4/3)/(20/270). Let z = a + u. Is z composite?
False
Suppose -o + 183 = -5*y, 4*o - 2*o + 2*y - 402 = 0. Suppose -3*a = 3*w - o, 0*a + 5*a = -w + 334. Is a a composite number?
False
Let l = -40 + 109. Is l composite?
True
Let m(x) = x - 8. Let p be m(6). Suppose 0 = -4*t - 3*s + 203, 4*t + 2*s - 4*s = 178. Is (t - 1) + (-2 - p) a prime number?
False
Let f = 3 - 0. Suppose n + 0*n = f*m - 107, 66 = 2*m - 2*n. Is m prime?
True
Let b be (18/(-12))/(1/(-2)). Suppose -3*n - 7*i + 2*i + 66 = 0, -44 = -2*n - b*i. Is n prime?
False
Let b = -388 + 578. Let m = b + -123. Is m composite?
False
Let g = -28 + 125. Is g a prime number?
True
Let w = -12 - -17. Suppose 0*u = w*u - 925. Is u a composite number?
True
Let s(r) = -19*r + 1. Let w be s(-7). Suppose 115 = 3*d - w. Is d a composite number?
False
Let p(g) be the second derivative of g**7/2520 + g**6/240 + g**5/15 + g**4/12 + 3*g. Let k(b) be the third derivative of p(b). Is k(-6) composite?
True
Let p(m) = 39*m**2 + 1. Let o be p(-1). Let j = o - -63. Is j a prime number?
True
Suppose -8*a + 2937 = -1519. Is a a composite number?
False
Suppose -s - 2 = -4. Let b be (3/s)/(6/(-8)). Is (0 - 158/b) + 0 a composite number?
False
Let o be 2/(-9) - 13792/(-18). Is 2/5 - o/(-10) a prime number?
False
Suppose d = -n, -2*d - 5 = d + 4*n. Suppose 0 = -d*t - 20, 3*z = 2*t - t + 235. Is z a composite number?
True
Suppose 0 = 5*d - d + w - 1227, 3*w - 611 = -2*d. Is d composite?
False
Suppose -v + 2*h + 5 = 1, -5*h = 15. Is 19/v*(-3 + -11) composite?
True
Let d = -15 + 19. Is d prime?
False
Let l be ((-1 - -9)*1)/2. Suppose 0*r = -l*r - 72. Is (r - (1 - 0))/(-1) a prime number?
True
Let z(l) = l - 13. Let h be z(16). Suppose -4*q + h*q + 305 = 0. Is q composite?
True
Let n be 8/2 + 4*-1. Suppose -2*l = -n*p + p - 61, 230 = 5*p - 5*l. Is p a prime number?
False
Let p(i) = 3*i**2 + 8*i - 7. Let d be p(9). Suppose -d = -3*s - s + w, 3*s + 3*w - 231 = 0. Is s prime?
False
Su